h?
11
Suppose 24 = -3*z + 51. Let u(r) = -r**3 + 8*r**2 + 12*r + 12. What is the remainder when u(z) is divided by 27?
12
Let t = 571 + -315. Suppose -4*s + 89 = -5*v - 38, -2*v + 61 = s. What is the remainder when t is divided by s?
41
Suppose 4*y + 4*g = 46 - 526, 4*g - 8 = 0. Let u = 285 + y. Suppose -3*a - 3*d = -243, 3*a = -2*d + 75 + u. Calculate the remainder when a is divided by 23.
7
Let o = 53 + 6. Suppose 2*l - 23 = 55. Suppose -34*g - 30 = -l*g. Calculate the remainder when o is divided by g.
5
Let w(q) = -318*q - 588. Calculate the remainder when 3117 is divided by w(-2).
45
Let b be 54550/50 + 9/(-1). Let i be 11 - 3*2/6. Calculate the remainder when b/22 + i/(-55) is divided by 26.
23
Let s = 140 + -49. Suppose -8 - s = -4*w - z, 5*w - 3*z = 145. Suppose -77*o + 949 = -64*o. What is the remainder when o is divided by w?
21
What is the remainder when (12/9)/(1/129) is divided by (1 - 114/18)*(3 + -6)?
12
Suppose 25609 = 63*w - 13640. What is the remainder when w is divided by 39?
38
Calculate the remainder when (-142 + -2759)*3/(-9) is divided by 899.
68
Let c(b) be the second derivative of 1/12*b**4 + 2/3*b**3 - b**2 + 0 + 38*b. Calculate the remainder when 10 is divided by c(1).
1
Suppose -4*v + 4*w + 64 = 0, -2*w + 22 = 2*v - v. Calculate the remainder when (717/478)/(((-1)/(96/9))/(-4)) is divided by v.
10
Calculate the remainder when (312/(-32) - -9) + ((-66092)/(-16) - 1) is divided by 9.
7
Calculate the remainder when 7605 is divided by 1519/4 + -22*4/(-352).
5
Let s(m) = m**3 - 33*m**2 - 93*m + 816. What is the remainder when 1823 is divided by s(35)?
8
Let i(y) = 161*y - 467. Calculate the remainder when 1723 is divided by i(3).
11
Let z = -591 - -2552. Suppose -407 + z = 21*n. Let g(p) = p**3 + 7*p**2 + p - 5. What is the remainder when n is divided by g(-4)?
35
Suppose -9433 = -78*l - 44*l - 4675. Let m = 30 - 66. Let v = m + 52. Calculate the remainder when l is divided by v.
7
Let u(k) = 2*k**2 + 2*k - 6. Let q be u(-3). Suppose 0 = q*x + 8*x - 2002. What is the remainder when x is divided by 21?
17
Suppose -2*f - 5*t + 294 = 0, -5*f - 462*t + 780 = -457*t. Calculate the remainder when 4697 is divided by f.
161
Suppose 0 = -1895*x + 1904*x - 486. Let v(s) = 14*s**2 - 2*s - 8. Calculate the remainder when v(6) is divided by x.
52
Let f = -375 - -370. Let l(q) = -16*q + 7. Calculate the remainder when l(f) is divided by 28.
3
Suppose -2*k + 136 = 33*d - 31*d, d = 3*k + 52. Calculate the remainder when d is divided by (-292)/(-12) - (-4)/6.
14
Let x be (-206)/(-10) - 9/15. Suppose 4*y + x = -4*a, 4*y - 20 = -4. Let b = 42 - a. Calculate the remainder when b is divided by 13.
12
Let o = 9204 + -5255. Calculate the remainder when o is divided by 152.
149
What is the remainder when (-7 + 11)*(-5838)/(-56) is divided by 68?
9
Suppose 41*g = 32*g - 108. Let b(j) = -j**2 - 26*j + 4. Calculate the remainder when b(g) is divided by 44.
40
Suppose -981*n + 994*n = 546. Calculate the remainder when 2244 is divided by n.
18
Suppose -4*j - 3*r = -817, 5*j - 3*j - 5*r - 389 = 0. What is the remainder when 481 is divided by j?
77
Suppose 118 = 2*h + 4*t, -3*h = 4*t - 1 - 186. Let q = -27 + h. Let x = q + 20. What is the remainder when x is divided by 9?
8
Let r = 151 + -156. Let b(c) = -c**3 - 4*c**2 - 16*c + 6. What is the remainder when b(r) is divided by 37?
0
Suppose -4*k + 232 = f, 3*k + 174 = 6*k + 3*f. Suppose -4*x + 4*o = -120, -8*o + 3*o + k = 3*x. Calculate the remainder when 206 is divided by x.
24
Let t be ((-30)/4)/(7*8/(-2576)). Suppose -14*m + t + 271 = 0. What is the remainder when m is divided by 23?
21
Suppose -4*u + 4 + 4 = 0. Calculate the remainder when ((-465)/9 - 1477/633)*1/(-2) is divided by (2 + -22)*(-1)/u.
7
Let x(i) = -72*i + 2305. Calculate the remainder when 111 is divided by x(32).
0
Suppose -3*a = 1 + 2. What is the remainder when (3/(-3))/((-4)/((-32)/a)) is divided by 1?
0
Let y(f) = f**2 + 26*f + 69. Calculate the remainder when y(35) is divided by 8.
4
Suppose 3*o + 25 = -2*o, 2*o + 22 = k. Calculate the remainder when (15/(-3) - (-272)/48)*66 is divided by k.
8
Calculate the remainder when -6 - (-53)/(8 + (7 - 14)) is divided by -3 + 1 + -1 + 11.
7
Let y = -76 + 230. Calculate the remainder when y is divided by (4/(-13))/(154/(-4004)).
2
Suppose d + 4*d = 155. Let b(y) = -55*y**2 + 4236*y + 37. Calculate the remainder when b(77) is divided by d.
21
Let n = -97 - -98. Let l be (39/52)/(n/(-28)). What is the remainder when 15 is divided by -3*(-2)/l - (-867)/119?
1
Let w be 1240/300 - (-4)/(-30). Suppose -l - 142 = -w*k + 37, -2*l = -10. Let m = 62 - k. Calculate the remainder when 63 is divided by m.
15
Suppose 0 = -3*p - s + 2*s + 39, -3*s - 21 = -p. Let x(j) be the second derivative of -j**3/3 - j**2 + 2*j. Calculate the remainder when p is divided by x(-2).
0
Let b = 82 - 149. Let o = b + 92. Calculate the remainder when o is divided by 23.
2
Let b = -85 - -109. Suppose -7*o - 3*k = -4*o - 348, 4*o + k = 467. What is the remainder when o is divided by b?
21
Let r(x) = -x**3 + x**2 - 7*x - 32. Let c be r(-5). Calculate the remainder when c/(-85)*(-1 - 22*2) is divided by 12.
9
Suppose 19*v + 12*v = -3*v + 2414. What is the remainder when 113 is divided by v?
42
Let m be ((-17)/(-34))/(1/(-12)). Let b = 69 - m. What is the remainder when b is divided by 7?
5
Let q = -304 + 345. Suppose -2*x = c - q, -2*x + 5*c + 19 = -4. Calculate the remainder when 34 is divided by x.
15
Suppose 0*k + v + 249 = -k, 0 = -3*v - 12. Let l = -860 + 1204. Let p = l + k. What is the remainder when p is divided by 21?
15
Let q = -1419 - -1479. What is the remainder when 345 is divided by q?
45
Suppose -135 = -14*r + 11*r. Suppose -t + 21 = 4*x, r = t - 2*x - 2*x. What is the remainder when t is divided by 9?
6
Let u(t) = -12*t + 2. What is the remainder when u(-3) is divided by -7 + 516/84 - 476/(-98)?
2
Suppose 18*s - 180 = 13*s. Suppose -s = -213*r + 211*r. Let x(a) = -7*a + 3. What is the remainder when x(-7) is divided by r?
16
Let k(h) = h**3 - 75*h + 61. What is the remainder when k(11) is divided by 22?
17
Let l(z) = 2*z**2 - 2*z - 1. Let n be l(2). Let q(i) = -4*i - i**2 + 3*i - 5*i + 14*i - 2*i - 2. Calculate the remainder when 8 is divided by q(n).
1
Let r = -174 + 196. Calculate the remainder when 798 is divided by r.
6
Let i = -84 - -88. Suppose 0 = -i*u + 6*u + 134. Let m = u - -127. Calculate the remainder when m is divided by 31.
29
Suppose 0 = 5*b - 0 - 40. Let v = -5340 + 5378. What is the remainder when v is divided by b?
6
Suppose 810*p = 823*p - 546. Let x = 14 - -1. Calculate the remainder when p is divided by x.
12
Suppose 0 = 5*k - 4*o + 188 - 504, -4*k = -2*o - 254. Let z = 851 - 725. Calculate the remainder when z is divided by k.
62
Suppose 0 = -2*p + 8 + 14. Suppose -5 = -5*i, p + 5 = 4*w - 4*i. Suppose -w*j + 96 - 31 = 0. Calculate the remainder when 45 is divided by j.
6
What is the remainder when 19 + 133 + 48/6 is divided by 16?
0
Suppose -4*o + 80 = -2*k, 2*k = 5*o - 5 - 95. Calculate the remainder when 170/30 - (-32021)/213 is divided by o.
16
Suppose 51 = -2*u - 197. Let w = u - -235. Calculate the remainder when w is divided by 40.
31
Let g = 173 - 173. Suppose g = 40*j - 37*j - 81. Calculate the remainder when j is divided by 15.
12
Let s(h) = h**2 - 18*h + 24. Let l be s(16). Let r be ((-4)/l)/((-3)/(-156)). Suppose 5 = -3*b + r. Calculate the remainder when 19 is divided by b.
5
Suppose -33*o - 20 = -37*o, -5*a - 3*o = -370. What is the remainder when 10576 is divided by a?
68
Let o(h) be the third derivative of h**5/60 - 5*h**4/8 - 5*h**3/3 + 40*h**2. Let v be o(15). What is the remainder when 69 is divided by -4 - (104/(-6) + v/15)?
13
Suppose -1273*x + 1281*x = 336. Suppose -6*s + 6 = -x. Calculate the remainder when 134 is divided by s.
6
Suppose -964 = -35*w + 51. Calculate the remainder when 168 is divided by w.
23
Suppose 18*u - 14*u + 2224 = 3*k, 2238 = 3*k + 3*u. Let o = k + -718. Calculate the remainder when 76 is divided by o.
24
Let j(q) = -q**3 - 10*q**2 - 30*q - 430. Calculate the remainder when 167 is divided by j(-11).
20
Suppose 84*a + 21472 = 32315 + 55013. Calculate the remainder when a is divided by 64.
16
Suppose -131*a = 82*a - 1491. Calculate the remaind